ase 9) in base 12?
16a28a
-2b2214 (base 12) to base 13
-1c708c
What is 13355265 (base 7) in base 4?
10232323020
10000001011000001000010 (base 2) to base 8
20130102
Convert -3301543 (base 6) to base 13.
-5969a
-25055 (base 11) to base 12
-189b9
Convert 2275132 (base 8) to base 11.
394749
Convert 6be2b8 (base 16) to base 15.
949de7
134032114 (base 5) to base 12
293137
-12012310 (base 6) to base 2
-1011011100100110010
What is 1260932 (base 10) in base 11?
7913a2
Convert 20653 (base 9) to base 16.
3558
-17157 (base 15) to base 11
-5101a
98513 (base 11) to base 12
6a938
Convert -1132142 (base 7) to base 15.
-2c2ee
What is 10010000001111010 (base 2) in base 16?
1207a
Convert -3674170 (base 8) to base 2.
-11110111100001111000
4a06e9 (base 15) to base 7
42064131
Convert -675646 (base 9) to base 13.
-1120b3
1210021210 (base 3) to base 2
1000100110000010
-373604 (base 8) to base 13
-46895
-13308 (base 14) to base 13
-18672
761258 (base 9) to base 15
8e638
321527 (base 9) to base 8
565704
Convert -204302421 (base 5) to base 13.
-23b62a
What is -2472a (base 14) in base 13?
-317bc
Convert -13df0 (base 16) to base 6.
-1424452
Convert 63cb5 (base 15) to base 11.
1a6a80
Convert 122012023 (base 4) to base 7.
623431
Convert 65521223 (base 8) to base 16.
d6a293
149450 (base 15) to base 11
619252
-796f0 (base 16) to base 15
-9c597
Convert -4424400030 (base 5) to base 14.
-13c0b7b
What is -625b85 (base 14) in base 9?
-6218772
-2335604 (base 9) to base 5
-310420342
53744a (base 15) to base 16
3ca0e1
Convert 4142341 (base 5) to base 9.
113828
Convert 4238405 (base 9) to base 3.
11021022110012
Convert -8163545 (base 9) to base 14.
-814304
-b895bb (base 12) to base 6
-142323555
Convert -221221022020 (base 3) to base 2.
-1111100101000111010
What is -32003032 (base 5) in base 16?
-40f21
Convert -664414 (base 7) to base 13.
-41239
Convert -30451310 (base 6) to base 4.
-3112102122
What is 121220301 (base 4) in base 3?
12100001020
Convert 30042625 (base 8) to base 16.
604595
What is 1000100001001110 (base 2) in base 6?
425314
What is -14305341 (base 6) in base 10?
-491101
Convert -a00578 (base 11) to base 15.
-21c5d5
What is -17bd55 (base 15) in base 3?
-2011121211022
Convert 48b80a (base 12) to base 14.
22a76a
What is 10112122020022 (base 3) in base 15?
272b68
What is 10010023203 (base 4) in base 13?
2b40bb
What is -110215535 (base 6) in base 4?
-13202311103
4a639 (base 13) to base 3
20222022022
Convert -133788 (base 9) to base 8.
-237236
What is 200000112010110 (base 3) in base 10?
9576237
What is -100200121112 (base 3) in base 5?
-22100330
5f1fa (base 16) to base 3
201210110121
-be94 (base 15) to base 3
-2001102211
What is -1181410 (base 11) in base 4?
-13310313232
What is 313122431 (base 5) in base 11?
809a18
What is -2381778 (base 9) in base 5?
-312401014
-5a186 (base 11) to base 2
-10101001011001010
-24d550 (base 15) to base 12
-712219
-80b669 (base 12) to base 11
-1153667
6715183 (base 9) to base 7
42463431
12aac3 (base 13) to base 2
1101110011010001010
Convert 106016 (base 10) to base 9.
171375
Convert 1444153535 (base 6) to base 16.
1147403
What is 8e148 (base 16) in base 7?
4642451
What is -235051 (base 6) in base 14?
-76bd
What is -339824 (base 11) in base 8?
-2036621
What is 177886 (base 15) in base 13?
30b757
Convert -1116003 (base 10) to base 8.
-4203543
Convert 2443217 (base 13) to base 9.
23161712
What is -21120001012100 (base 3) in base 6?
-222025313
Convert -10111101101100011 (base 2) to base 4.
-113231203
-307fa9 (base 16) to base 3
-12222110221212
-a06bd6 (base 14) to base 8
-24455070
120310002 (base 5) to base 10
556877
What is -345356 (base 8) in base 9?
-188140
Convert aa6eb (base 15) to base 4.
2010032003
-165c33 (base 13) to base 9
-1036260
What is -1234441 (base 6) in base 3?
-10102002021
2988a01 (base 11) to base 7
61350454
Convert -362565 (base 8) to base 14.
-3340d
Convert -1c53a0 (base 15) to base 5.
-323301300
What is 292050 (base 12) in base 11?
42a837
Convert -564214 (base 8) to base 6.
-4030232
Convert -7d8d6 (base 15) to base 4.
-1201231323
Convert -9600a (base 12) to base 7.
-1450231
What is 115563 (base 9) in base 15?
159cc
-412627 (base 9) to base 10
-244726
What is 22212252 (base 8) in base 7?
55465214
451081 (base 10) to base 16
6e209
What is -a8144 (base 16) in base 9?
-1258336
30414401 (base 5) to base 6
5152341
Convert 760 (base 15) to base 3.
2021200
120010200 (base 3) to base 13
503a
Convert -e1c7a0 (base 15) to base 12.
-37120b0
Convert 2d798 (base 16) to base 13.
66a20
What is -1264435 (base 9) in base 13?
-1b3095
What is 120344333 (base 5) in base 2?
10001000100011101111
What is -1601523 (base 8) in base 13?
-131271
Convert -13424013 (base 5) to base 9.
-232021
25423a (base 13) to base 8
3323146
What is 324130 (base 8) in base 4?
122201120
Convert -241aa5 (base 11) to base 13.
-105624
What is -114132401 (base 5) in base 3?
-1000021002010
186822 (base 14) to base 11
53a600
Convert 185cd3 (base 16) to base 11.
9a062a
21211222120210 (base 3) to base 11
239a946
What is -1351334 (base 6) in base 10?
-76810
Convert -110010001011101011 (base 2) to base 11.
-130481
What is 2829921 (base 10) in base 7?
33024333
What is -3222201231 (base 4) in base 5?
-221214441
What is -11002334412 (base 5) in base 7?
-201655062
What is -64505245 (base 7) in base 6?
-313500251
What is -33776 (base 8) in base 16?
-37fe
2c075 (base 14) to base 3
12120201000
Convert -1010101111000011 (base 2) to base 3.
-2020022120
-1112765 (base 9) to base 3
-1010102212012
What is 1833314 (base 10) in base 11?
104243a
18787 (base 10) to base 14
6bbd
110011010000 (base 2) to base 3
11111111
-332320013 (base 4) to base 3
-111002021122
What is 104378 (base 15) in base 5?
144224123
Convert -15240155 (base 7) to base 4.
-11203033313
-20211301231 (base 4) to base 11
-12a8969
Convert 111111100011000101 (base 2) to base 12.
106771
-9114e (base 15) to base 4
-1300020203
What is 1001111011111110100000 (base 2) in base 14?
4bb488
What is 26417577 (base 8) in base 6?
330331555
What is 13406451 (base 7) in base 2?
100110000001100111000
Convert 160535 (base 9) to base 16.
18224
What is -66968 (base 15) in base 8?
-1174753
What is -100012210210011 (base 3) in base 8?
-22534760
Convert -2a6975 (base 12) to base 10.
-716777
What is be9eb (base 16) in base 8?
2764753
-123850 (base 9) to base 12
-37523
Convert 3899699 (base 10) to base 15.
5206ee
-2644251 (base 7) to base 15
-6cd50
What is 3011313102 (base 4) in base 16?
c5dd2
Convert a21c26 (base 14) to base 8.
24650352
What is 68744 (base 13) in base 12?
92085
What is -122341 (base 9) in base 16?
-120b5
2020 (base 8) to base 6
4452
What is -23133201123 (base 4) in base 6?
-144323403
What is -2a9a6b (base 13) in base 8?
-4002224
What is -408577 (base 11) in base 14?
-130c85
What is 27b1ac (base 14) in base 6?
45250100
Convert -1b87374 (base 12) to base 2.
-10110100000110101001000
What is -10322133113 (base 5) in base 6?
-1034321400
-704377 (base 11) to base 16
-114a48
What is -1434343 (base 7) in base 10?
-193630
-1111101010011001100 (base 2) to base 3
-222002000110
What is -472d66 (base 16) in base 8?
-21626546
Convert b7a72b (base 14) to base 10.
6213827
-13103323 (base 4) to base 16
-74fb
What is -12124120 (base 9) in base 13?
-12c4095
Convert 3817322 (base 9) to base 11.
119a795
What is 985695 (base 11) in base 13?
431606
10011101000000011110110 (base 2) to base 5
2304113242
-111010001000001110110 (base 2) to base 5
-441423013
What is 1b895b (base 12) in base 5?
111221434
-230221604 (base 7) to base 12
-4850708
154837 (base 13) to base 14
d90cc
What is -438659 (base 13) in base 9?
-2882362
Convert 13413550 (base 8) to base 16.
2e1768
6cb381 (base 13) to base 4
21321213011
78d74 (base 16) to base 12
1ba530
-15382 (base 15) to base 10
-68297
-71b312 (base 12) to base 10
-1782014
1255a3e (base 15) to base 11
749365a
11a7310 (base 11) to base 13
581933
Convert 100001111010001010110 (base 2) to base 9.
2073154
What is 40312166 (base 7) in base 9?
6262252
Convert 122210111222 (base 3) to base 10.
350297
Convert -118109 (base 13) to base 2.
-1100101111101001000
Convert -30204050 (base 6) to base 2.
-11010001000010111110
What is -13132311413 (base 5) in base 9?
-33580637
Convert 404553 (base 8) to base 13.
489ac
5450160 (base 8) to base